Suppose -57 = -3*n + 3*u, -303*n - u + 9 = -302*n. Let q(x) be the second derivative of n*x + 0 - 1/3*x**3 + 1/2*x**2. What is q(-7)?
15
Let g = 252 + -77. Suppose 0 = -5*z + g - 25. Let b be (-6)/z*10/(-2). Let o(l) = 2*l**3 - l + 1. What is o(b)?
2
Suppose -3*z + 6 = -3. Let l(j) = -j + j**3 + 2*j**2 + 3*j + z*j**2 + 4*j**2 + 13. What is l(-9)?
-5
Let x(z) be the second derivative of z**4/6 + 8*z**3/3 + 9*z**2 + 1470*z. Determine x(-7).
4
Let d(m) = -507695 + 1015519 - m**2 + 16*m - 507497. Calculate d(28).
-9
Let u(y) = -y**3 + 2*y**2. Let g = -155 + 188. Let m = g + -35. Determine u(m).
16
Let o(z) be the first derivative of -z**5/30 - 5*z**4/24 - z**3/3 + 43*z**2 - 2. Let f(d) be the second derivative of o(d). Determine f(-3).
-5
Let w(q) be the first derivative of -q**4/4 + 2*q**3/3 - q**2 - 4*q + 158. Let n(t) = -1. Let r(x) = -2*n(x) + w(x). Let z(c) = 2*c. Let f be z(1). Give r(f).
-6
Let v be -3 + 0 - (-8)/1. Let l(n) be the first derivative of -62 + 1/2*n**2 - 6*n. Give l(v).
-1
Let m(q) be the first derivative of q**3/3 - 15*q**2/2 + 23*q + 362. Calculate m(6).
-31
Suppose 57 = 4*c + 109. Let w(n) = -5*n + 0*n - 8 - 11*n**2 + 10*n**2 - 9*n. Calculate w(c).
5
Let i(m) be the second derivative of -m**8/6720 + m**7/315 - m**5/12 - 49*m**4/6 + 2*m + 87. Let h(n) be the third derivative of i(n). Determine h(8).
-10
Let v(t) = 529*t - t**2 - 1069*t + 16 + 548*t. Calculate v(12).
-32
Let j(t) = 2*t**2 + 15*t + 11. Suppose 0 = -0*d - 4*d + 116. Suppose 6*z + 13 = -d. Let g be j(z). Let a(q) = 2*q**2 - 6*q + 2. Determine a(g).
10
Let s(j) = 2*j. Let i(p) = 13*p**2 - 4*p - 214. Let w be i(-4). Suppose 3*l - 3*k = 177, 2*k = 4*l - k - 233. Suppose 0 = -11*g - w - l. Calculate s(g).
-12
Let w(f) = -107 - 7*f + 213 + f**3 - 7*f**2 - 99. Determine w(8).
15
Let d(o) = -11*o - 101. Suppose 0 = -828*k + 824*k - 32. Give d(k).
-13
Let p(f) = 7*f. Let z be p(-2). Let c(h) = 31*h**3 + 9*h**2 + 49*h + 9. Let d(v) = 57*v**3 + 19*v**2 + 92*v + 18. Let m(r) = -11*c(r) + 6*d(r). Determine m(z).
23
Let y(u) = u**2 - 10*u + 7. Let l(g) = 10*g + 127. Let s be l(-12). Suppose s*d - 16 = 54. Determine y(d).
7
Let y(t) = -8*t**2 + 384*t - 9. Let z be y(48). Let q(m) = -2*m**3 - 17*m**2 + 12*m - 6. What is q(z)?
-33
Suppose 1 = -2*v + v - h, 0 = -2*h - 6. Suppose -v*b = z - 7, z + 17*b - 7 = 22*b. Let p(u) = u**3 - 8*u**2 + 7*u - 3. Give p(z).
-3
Let j(y) be the third derivative of -y**4/12 - 7*y**3/6 - 444*y**2 - y. Let c(p) = -p**3 + 7*p**2 - p - 2. Let k be c(7). Calculate j(k).
11
Let n(s) be the first derivative of -5/3*s**3 - 4*s + 1/4*s**4 - 2*s**2 + 29. Give n(6).
8
Let u(f) = -f**2 + 3*f + 39. Let p(h) = -h + 8. Let k(w) = 4*p(w) - u(w). Suppose -m + 4 = -2. Give k(m).
-13
Let s be 9/(-2)*(-20)/35*(-2562)/549. Let n(h) = 11*h + 128. What is n(s)?
-4
Let t be (5 + -2 - (48 - 53)) + -11. Let l(w) = 14*w + 52. Give l(t).
10
Let q(n) be the second derivative of n**4/8 + 2*n**3/3 + 55*n**2/2 - n - 15. Let l(b) be the first derivative of q(b). Determine l(-4).
-8
Let x(n) = -2*n**2 + 52*n - 67. Let k be x(25). Let c(d) = -d**2 - 20*d - 58. Give c(k).
-7
Let x(z) = -z - 3. Suppose 2 = -2*s - 3*k - 4, -k = 5*s + 2. Suppose 5*l + 26*v - 40 = 21*v, 0 = 5*l - 3*v - 40. Suppose 2*u = -s*u - l. Calculate x(u).
1
Suppose 5*q = 5, 2*q + 19 = 3*w - 15. Suppose -w*u + 19*u = -21. Let b(r) = -r**3 - 5*r**2 - 3*r + 1. Give b(u).
-8
Suppose 10*v + 10 = 8*v + 2*u, -2*v + 2 = 4*u. Let w(j) = 16*j + 28. What is w(v)?
-20
Let s(h) = h**3 - 2*h**2 - h + 1. Let y(k) = -7*k**3 + 14*k**2 + 2*k - 12. Let t(v) = 8*s(v) + y(v). What is t(4)?
4
Let a(d) = -8*d**2 + 148*d - 42. Let g(p) = 4*p**2 - 72*p + 19. Let b(v) = -3*a(v) - 7*g(v). Determine b(15).
-7
Let y(w) = 2*w - 1. Suppose 0 = -5*r - 2*n + 131, r - 6*r + 125 = 5*n. Suppose 2*z - 19 = -3*s, 4*s + z - r = -5. What is y(s)?
9
Let i(a) = 2*a**2 + 11*a + 16. Suppose 56 = -18*z + 20. Calculate i(z).
2
Let u(r) = -83*r**3 - 17*r**2 - 20*r - 10. Let t(z) = 120*z**3 + 25*z**2 + 29*z + 15. Let g(q) = 9*t(q) + 13*u(q). What is g(-3)?
11
Suppose -2*s = 3*s. Let z(l) = 3*l**2 + l - 2. Let b(j) = -11*j**2 - 4*j + 6. Let t(y) = -2*b(y) - 7*z(y). Determine t(s).
2
Let i(k) = -k**3 + 9*k**2 - 8*k - 19. Suppose 127*t + 13*t - 1374 = -89*t. Give i(t).
41
Let k(v) = -4*v - 1. Let x = -2 - -1. Let i be k(x). Let o(c) = 2 + 20*c**2 + 4*c - 21*c**2 + 1 - 5. Determine o(i).
1
Suppose 3*j + 48 = 3*r, -31*j + 45*j = -3*r - 122. Let m(f) = 12*f + 115. Give m(j).
-5
Let k(n) = n**3 - n**2 + 5*n + 4. Let t(v) = 2*v**3 - 3*v**2 + 14*v + 11. Suppose 1 = 3*r + 52. Let i(p) = r*k(p) + 6*t(p). Determine i(-1).
3
Let o be -14 + 21 - 0/(-2 - 1). Let f(u) = -14 + o - 3*u - 2 + 4*u. Give f(8).
-1
Let m(l) be the second derivative of l**4/12 - 15*l**2 - 8209*l. Determine m(5).
-5
Let w(p) = p**2 - 103*p + 2511. Let c be w(40). Let a(b) be the second derivative of -b**3/3 - 11*b**2/2 + 3*b. What is a(c)?
7
Let z(l) = -l**3 + 6*l**2 + 7. Let d(c) = -c**3 - 11*c**2 - 11*c - 4. Suppose 8*b - 3*b - 5*k + 25 = 0, 35 = -2*b - 3*k. Let w be d(b). Determine z(w).
7
Suppose 116 = -29*y - 29*y. Let v(i) be the third derivative of -i**6/720 - i**5/120 - i**4/4 + 3*i**2. Let k(h) be the second derivative of v(h). What is k(y)?
1
Let j(w) = -w - 10. Suppose 0 = -56*q + 44*q + 36. Give j(q).
-13
Let n = -6 + -43. Let r = n + 49. Suppose r = -5*b + 4*y - 37, -2*y = 2*b - 0 + 4. Let l(k) = k - 4. Calculate l(b).
-9
Suppose z + 9 = 4*s, 0 = 3*s - z - 1 - 7. Let m(f) = f. Let o(l) = -8*l - 5. Let n(w) = s*o(w) + 3*m(w). Give n(-4).
15
Let n = -9 + 27. Suppose -5*m = n - 23. Let h(q) = -48 - 52 + 99 + 0*q**2 + 0*q**2 + q**2 - q**3. Give h(m).
-1
Let x(m) = m**2 - m + 1. Let y be -3 - (72/(-32) - (-6)/(-8)). Suppose y = -5*j + 7 + 88. Suppose w + 17 - j = 0. Give x(w).
3
Let y(l) = -l**3 - 8*l**2 - l - 4. Let k = 62 + -31. Suppose -535*b - 36 = -539*b. Suppose 5*x = -b - k. Calculate y(x).
4
Let l = -1065 + 1071. Let p(j) = j**3 - 5*j**2 + 2*j + 4. Give p(l).
52
Let n(b) be the third derivative of -b**5/12 + 49*b**4/24 + 8*b**3/3 + 399*b**2 + 5*b. Determine n(10).
6
Let h(q) = q**3 - 16*q**2 + 26*q + 32. Let j be h(14). Suppose -2*b + j = -4. Let z be (30/(-9) + 3)*(1 - b). Let x(y) = 16*y**2 - 1. Calculate x(z).
15
Let x(f) = -7*f**3 - 5*f**2 + 38*f - 5. Let j(u) = 5*u**3 + 5*u**2 - 25*u + 4. Let i(z) = -3*j(z) - 2*x(z). Let c be (5 + -2)*(-1)/1. Give i(c).
-17
Let v be (-1)/(-12) - (-5 + -4 - 6412/(-336)). Let j(p) = 8*p + 85. Give j(v).
5
Let h(v) = 8*v - 6*v - 4*v + 5*v + 5*v**2 - 11 - 4*v**2. Calculate h(0).
-11
Let q(w) = 2*w**3 - 3*w**2 - 7*w + 3. Let i(p) = -7*p**3 + 8*p**2 + 21*p - 6. Let h(l) = 3*i(l) + 8*q(l). Calculate h(-1).
4
Let w(u) be the first derivative of -u**4/4 - 2*u**3 - 3*u**2/2 + u - 1. Suppose -6*p + 125 = -103. Let c = 33 - p. Give w(c).
-9
Let u(g) be the first derivative of -g**4/4 + 2*g**3 + 5*g**2/2 - 20*g + 4417. What is u(4)?
32
Let c(h) be the second derivative of 15*h**3/2 + 3*h**2/2 - 1741*h. Give c(2).
93
Suppose 6 = -q + 4*u + 22, -5*q - 3*u - 12 = 0. Let x(k) be the first derivative of 11*k + 0*k**2 - 136 - 1/3*k**3. Calculate x(q).
11
Suppose 0 = -2*h - 2*o + 2, 0 = -10*h + 8*h + 4*o + 38. Let m(x) = -x**2 + 7*x - 5. Calculate m(h).
-5
Let y(t) = 9*t - 24. Let i(c) = 83*c + 418. Let x be i(-5). What is y(x)?
3
Let o = -6 - -6. Let k(r) be the third derivative of -r**7/2520 + 5*r**4/24 + 9*r**2. Let u(s) be the second derivative of k(s). Determine u(o).
0
Let q(n) = -n**3 - 37*n**2 + 36*n - 82. Let v(j) = 75*j + 1537. Let w be v(-21). Give q(w).
-6
Let q be (-10)/(-3)*(-378)/(-105). Suppose -46 = -q*d + 134. Let x be ((-5)/d)/((-2)/36). Let t(g) = -g**3 + 8*g**2 - 10*g + 8. What is t(x)?
20
Let w(v) = v**3 + 591 - 1186 + 5*v**2 - 5*v - 14*v**2 + 605. Give w(6).
-128
Suppose 5*f + 34 = 39, 2*g - 5*f + 11 = 0. Let p(r) = 14*r + 43. Give p(g).
1
Let k(q) = -5*q + 11568 - 2*q**2 - 4562 - 6999. Let b(n) = n - 5. Let u be b(0). Determine k(u).
-18
Let w(a) = 49*a**2 + 90*a - 13*a**2 + 6 - 16*a**2 - 19*a**2 - 97*a. What is w(5)?
-4
Let s(j) = 4*j**2 + 2. Let p be s(3). Let x = 42 - p. Suppose -5*n + 0 + 8 = -2*v, 0 = x*v + n - 6. Let l(b) = -10*b**3 + b. Determine l(v).
-9
Let x(k) = 2*k**2 + 54*k + 25. Let m be ((-18)/(-5))/(((-4524)/(-585))/(-58)